{"id":3435,"date":"2025-05-22T13:19:07","date_gmt":"2025-05-22T11:19:07","guid":{"rendered":"https:\/\/partner.truestory.com\/join\/?page_id=3435"},"modified":"2025-05-22T13:35:47","modified_gmt":"2025-05-22T11:35:47","slug":"host-manager-norway","status":"publish","type":"page","link":"https:\/\/partner.truestory.com\/join\/careers\/host-manager-norway\/","title":{"rendered":"Host &amp; Account Manager Norway"},"content":{"rendered":"\t\t<div data-elementor-type=\"wp-page\" data-elementor-id=\"3435\" class=\"elementor elementor-3435\">\n\t\t\t\t\t\t<div class=\"elementor-inner\">\n\t\t\t\t<div class=\"elementor-section-wrap\">\n\t\t\t\t\t\t\t<div class=\"elementor-element elementor-element-8e5c961 e-con-boxed e-con\" data-id=\"8e5c961\" data-element_type=\"container\" data-settings=\"{&quot;content_width&quot;:&quot;boxed&quot;}\">\n\t\t\t\t\t<div class=\"e-con-inner\">\n\t\t\t\t<div class=\"elementor-element elementor-element-31e349e elementor-widget elementor-widget-ts-header\" data-id=\"31e349e\" data-element_type=\"widget\" data-widget_type=\"ts-header.default\">\n\t\t\t\t<div class=\"elementor-widget-container\">\n\t\t\t<div class=\" page-header page-header--base\"><div class=\"page-header__hero-text\"><picture class=\"lazyload page-header__bg-image\"><!--[if IE 9]><video style=\"display: none;\"><![endif]--><source srcset=\"https:\/\/cdn.truestory.com\/cs-production\/wp-content\/uploads\/sites\/6\/2025\/05\/22133536\/Skaermbillede-2025-05-22-kl.-13.35.29.png\" media=\"(min-width: 768px)\"><source srcset=\"https:\/\/cdn.truestory.com\/cs-production\/wp-content\/uploads\/sites\/6\/2025\/05\/22133536\/Skaermbillede-2025-05-22-kl.-13.35.29-720x476.png\" media=\"(min-width: 0px)\"><!--[if IE 9]><\/video><![endif]--><img decoding=\"async\" alt=\"\" src=\"https:\/\/cdn.truestory.com\/assets\/bundle\/ts.frontend.contentsite\/images\/skeletons\/event-image.svg\" class=\"picture__img\"><\/picture><div class=\"page-header__container\">    <h1 class=\"page-header__hero-text__title type-heading1\" >Host &amp; Account Manager Norway<\/h1>\n        <h2 class=\"page-header__hero-text__sub-title type-heading3\" ><\/h2>\n    <\/div><\/div><div class=\"page-header__container\"><div class=\"page-header__post-meta\">May 22, 2025<\/div><\/div><\/div>\t\t<\/div>\n\t\t\t\t<\/div>\n\t\t\t\t<div class=\"elementor-element elementor-element-e7fc0fd elementor-widget elementor-widget-ts-headline\" data-id=\"e7fc0fd\" data-element_type=\"widget\" data-widget_type=\"ts-headline.default\">\n\t\t\t\t<div class=\"elementor-widget-container\">\n\t\t\t<h3 class=\"ts-headline ts-headline--align-left type-heading5\"> Bli en del av Truestory - den ledende opplevelsesplattformen i Skandinavia<\/h3>\t\t<\/div>\n\t\t\t\t<\/div>\n\t\t\t\t<div class=\"elementor-element elementor-element-77d555d elementor-widget elementor-widget-ts-article\" data-id=\"77d555d\" data-element_type=\"widget\" data-widget_type=\"ts-article.default\">\n\t\t\t\t<div class=\"elementor-widget-container\">\n\t\t\t\t\t<div class=\"ts-article\"><p>Hos Truestory hjelper vi folk \u00e5 oppleve mer sammen!<\/p><p>Truestory er en plattform og kuratert markedsplass med unike opplevelser i hele Skandinavia. Vi er en hjelpende h\u00e5nd for b\u00e5de v\u00e5re kunder og v\u00e5re opplevelsesleverand\u00f8rer, som vi kaller verter.<\/p><p>Plattformen v\u00e5r gir kundene muligheten til \u00e5 finne, kj\u00f8pe og booke sin neste opplevelse for seg selv eller som gave, mens vertene v\u00e5re f\u00e5r eksponering, markedsf\u00f8ring og nye kunder. V\u00e5rt utvalg av autentiske kvalitetsopplevelser er kjernen i v\u00e5r virksomhet, da vi har et stort \u00f8nske om \u00e5 tilby de beste opplevelsene p\u00e5 tvers av ulike kategorier og prisklasser.<\/p><\/div>\n\t\t\t\t<\/div>\n\t\t\t\t<\/div>\n\t\t\t\t<div class=\"elementor-element elementor-element-f9b7dbd elementor-widget elementor-widget-ts-headline\" data-id=\"f9b7dbd\" data-element_type=\"widget\" data-widget_type=\"ts-headline.default\">\n\t\t\t\t<div class=\"elementor-widget-container\">\n\t\t\t<h2 class=\"ts-headline ts-headline--align-left type-heading4\">Om stillingen: <\/h2>\t\t<\/div>\n\t\t\t\t<\/div>\n\t\t\t\t<div class=\"elementor-element elementor-element-4efa4c5 elementor-widget elementor-widget-ts-article\" data-id=\"4efa4c5\" data-element_type=\"widget\" data-widget_type=\"ts-article.default\">\n\t\t\t\t<div class=\"elementor-widget-container\">\n\t\t\t\t\t<div class=\"ts-article\"><p>Du vil bli med i v\u00e5rt Supply Team, som jobber for \u00e5 forbedre og utvide v\u00e5rt utvalg av opplevelser, og samtidig tilbyr en service i verdensklasse til v\u00e5re eksisterende verter.<\/p><p>Som Host Manager hos Truestory vil jobben din inneb\u00e6re oppgaver som:<\/p><ul><li>Research med m\u00e5l om \u00e5 identifisere de beste norske opplevelsene<\/li><li>Opps\u00f8ke opplevelseskt\u00f8rer (verter) som vi \u00f8nsker \u00e5 samarbeide med (mail og telefon)<\/li><li>Avholde m\u00f8ter (video og personlig) med potensielle verter med sikte p\u00e5 \u00e5 signere nye verter til plattformen<\/li><li>F\u00e5 nye verter og opplevelser godt ombord p\u00e5 plattformen<\/li><li>Hjelpe med \u00e5 utvide partnerskapene v\u00e5re med v\u00e5re eksisterende verter<\/li><li>Daglig account management overfor eksisterende verter, slik at de kan f\u00e5 hjelp og st\u00f8tte<\/li><\/ul><\/div>\n\t\t\t\t<\/div>\n\t\t\t\t<\/div>\n\t\t\t\t<div class=\"elementor-element elementor-element-fb7920b elementor-widget elementor-widget-ts-headline\" data-id=\"fb7920b\" data-element_type=\"widget\" data-widget_type=\"ts-headline.default\">\n\t\t\t\t<div class=\"elementor-widget-container\">\n\t\t\t<h2 class=\"ts-headline ts-headline--align-left type-heading3\">Er du den vi leter etter?<\/h2>\t\t<\/div>\n\t\t\t\t<\/div>\n\t\t\t\t<div class=\"elementor-element elementor-element-581d305 elementor-widget elementor-widget-ts-article\" data-id=\"581d305\" data-element_type=\"widget\" data-widget_type=\"ts-article.default\">\n\t\t\t\t<div class=\"elementor-widget-container\">\n\t\t\t\t\t<div class=\"ts-article\"><div class=\"p-rich_text_section\"><p>Hvis du kan relatere til en eller flere av disse boksene, tror vi du har noe fantastisk \u00e5 bidra med hos Truestory:<\/p><ul><li>Forst\u00e5else av, eller erfaring fra, reise-, gjestfrihets- eller reiselivsn\u00e6ringen<\/li><li>Interessert eller erfaren innen account management og salg<\/li><li>Flair for research og liker \u00e5 se trender<\/li><li>Liker \u00e5 m\u00f8te lidenskapelige verter online eller personlig<\/li><li>God til \u00e5 legge til rette for gode m\u00f8ter der du l\u00e6rer hvilke problemer du skal l\u00f8se<\/li><li>Fascinert av markedsplassplattformer som Airbnb, GetYourGuide etc<\/li><li>Erfaring med inng\u00e5else av partnerskap &amp; samarbeidspartnere<\/li><\/ul><p>Eller kanskje du har andre gode egenskaper som vil gj\u00f8re at du lykkes i denne jobben? Vi er \u00e5pne og nysgjerrige p\u00e5 \u00e5 bli kjent med deg.<\/p><\/div><\/div>\n\t\t\t\t<\/div>\n\t\t\t\t<\/div>\n\t\t\t\t<div class=\"elementor-element elementor-element-e3acf7e elementor-widget elementor-widget-ts-headline\" data-id=\"e3acf7e\" data-element_type=\"widget\" data-widget_type=\"ts-headline.default\">\n\t\t\t\t<div class=\"elementor-widget-container\">\n\t\t\t<h2 class=\"ts-headline ts-headline--align-left type-heading3\">Jobbe hos Truestory<\/h2>\t\t<\/div>\n\t\t\t\t<\/div>\n\t\t\t\t<div class=\"elementor-element elementor-element-2f063ad elementor-widget elementor-widget-ts-article\" data-id=\"2f063ad\" data-element_type=\"widget\" data-widget_type=\"ts-article.default\">\n\t\t\t\t<div class=\"elementor-widget-container\">\n\t\t\t\t\t<div class=\"ts-article\"><p>\u00c5 jobbe hos Truestory gir stor frihet og byr p\u00e5 utfordringer som utvikler deg b\u00e5de faglig og personlig. Vi har en flat organisasjonsstruktur og en ambisi\u00f8s vekstplan, samtidig som vi \u00f8nsker \u00e5 bevare ro og balanse i hverdagen. Vi tror ikke p\u00e5 sene kvelder og utbrenthet \u2013 vi tror p\u00e5 balanse, og at man m\u00e5 ha det bra hjemme for \u00e5 kunne prestere godt p\u00e5 jobb. Alt dette gj\u00f8r vi samtidig som vi leverer sterke resultater, hever standarden og stadig forbedrer de viktigste n\u00f8kkeltallene.<\/p><\/div>\n\t\t\t\t<\/div>\n\t\t\t\t<\/div>\n\t\t\t\t<div class=\"elementor-element elementor-element-0ae6826 elementor-widget elementor-widget-ts-consider-reading\" data-id=\"0ae6826\" data-element_type=\"widget\" data-widget_type=\"ts-consider-reading.default\">\n\t\t\t\t<div class=\"elementor-widget-container\">\n\t\t\t    <p class=\"ts-consider-reading\">\n      <span class=\"ts-consider-reading__label\">Consider reading<\/span> <a href=\"https:\/\/partner.truestory.com\/join\/about-truestory\/\">About Truestory<\/a>    <\/p>\n    \t\t<\/div>\n\t\t\t\t<\/div>\n\t\t\t\t<div class=\"elementor-element elementor-element-56978bf elementor-widget elementor-widget-facts-box\" data-id=\"56978bf\" data-element_type=\"widget\" data-widget_type=\"facts-box.default\">\n\t\t\t\t<div class=\"elementor-widget-container\">\n\t\t\t    <div class=\"facts-box facts-box--align-center \">\n      <h3 class=\"facts-box__headline type-heading4\">Fakta om stillingen:<\/h3>      <ul class=\"facts-box__list\" >        <li class=\"facts-box__list__item\">\n          <p class=\"type-body\">Fulltid<\/p><p class=\"m-0\"><\/p>        <\/li>\n                <li class=\"facts-box__list__item\">\n          <p class=\"type-body\">Basert i Danmark, helst p\u00e5 kontoret i Aarhus C, 2-3 ganger i uken<\/p><p class=\"m-0\"><\/p>        <\/li>\n                <li class=\"facts-box__list__item\">\n          <p class=\"type-body\">Fleksible arbeidssteder og timer<\/p><p class=\"m-0\"><\/p>        <\/li>\n                <li class=\"facts-box__list__item\">\n          <p class=\"type-body\">Flytende norsk og engelsk, b\u00e5de skriftlig og muntlig <\/p><p class=\"m-0\"><\/p>        <\/li>\n                <li class=\"facts-box__list__item\">\n          <p class=\"type-body\">L\u00f8nn basert p\u00e5 erfaring og kvalifikasjoner<\/p><p class=\"m-0\"><\/p>        <\/li>\n                <li class=\"facts-box__list__item\">\n          <p class=\"type-body\">Rullende applikasjoner \u2013 vi ansetter n\u00e5r vi har funnet den perfekte match <\/p><p class=\"m-0\"><\/p>        <\/li>\n        <\/ul>\n          <\/div>\n\n    \t\t<\/div>\n\t\t\t\t<\/div>\n\t\t\t\t<div class=\"elementor-element elementor-element-4e60195 elementor-widget elementor-widget-ts-article\" data-id=\"4e60195\" data-element_type=\"widget\" data-widget_type=\"ts-article.default\">\n\t\t\t\t<div class=\"elementor-widget-container\">\n\t\t\t\t\t<div class=\"ts-article\"><p>Kan du se deg selv i ovenst\u00e5ende og vil du v\u00e6re en del av teamet v\u00e5rt? S\u00e5 send en s\u00f8knad n\u00e5 med emnet: \u00abHost Manager Norway\u00bb til <strong>job@truestory.com<\/strong>.<\/p><p>Du er ogs\u00e5 velkommen til \u00e5 kontakte Janne p\u00e5 janne@truestory.com eller finne henne direkte p\u00e5 LinkedIn, dersom du \u00f8nsker en uforpliktende og konfidensiell dialog for \u00e5 se om det er noe for deg.<\/p><p>Vi gleder oss til \u00e5 h\u00f8re fra deg!<\/p><\/div>\n\t\t\t\t<\/div>\n\t\t\t\t<\/div>\n\t\t\t\t\t<\/div>\n\t\t\t\t<\/div>\n\t\t\t\t\t\t\t\t\t<\/div>\n\t\t\t<\/div>\n\t\t\t\t\t<\/div>\n\t\t","protected":false},"excerpt":{"rendered":"<p>Host &amp; Account Manager Norway May 22, 2025 Bli en del av Truestory &#8211; den ledende opplevelsesplattformen i Skandinavia Hos Truestory hjelper vi folk \u00e5 oppleve mer sammen! Truestory er en plattform og kuratert markedsplass med unike opplevelser i hele Skandinavia. Vi er en hjelpende h\u00e5nd for b\u00e5de v\u00e5re kunder og v\u00e5re opplevelsesleverand\u00f8rer, som vi [&hellip;]<\/p>\n","protected":false},"author":7,"featured_media":4587,"parent":3344,"menu_order":0,"comment_status":"closed","ping_status":"closed","template":"","meta":{"footnotes":""},"class_list":["post-3435","page","type-page","status-publish","has-post-thumbnail","hentry"],"acf":[],"yoast_head":"<!-- This site is optimized with the Yoast SEO plugin v25.3.1 - https:\/\/yoast.com\/wordpress\/plugins\/seo\/ -->\n<title>Host &amp; Account Manager Norway - Truestory<\/title>\n<meta name=\"description\" content=\"Bli en del av Truestory - den ledende opplevelsesplattformen i Skandinavia.\" \/>\n<meta name=\"robots\" content=\"index, follow, max-snippet:-1, max-image-preview:large, max-video-preview:-1\" \/>\n<link rel=\"canonical\" href=\"https:\/\/partner.truestory.com\/join\/careers\/host-manager-norway\/\" \/>\n<meta property=\"og:locale\" content=\"en_US\" \/>\n<meta property=\"og:type\" content=\"article\" \/>\n<meta property=\"og:title\" content=\"Host &amp; Account Manager Norway - Truestory\" \/>\n<meta property=\"og:description\" content=\"Bli en del av Truestory - den ledende opplevelsesplattformen i Skandinavia.\" \/>\n<meta property=\"og:url\" content=\"https:\/\/partner.truestory.com\/join\/careers\/host-manager-norway\/\" \/>\n<meta property=\"og:site_name\" content=\"Truestory Partners\" \/>\n<meta property=\"article:publisher\" content=\"https:\/\/www.facebook.com\/dgdadk\" \/>\n<meta property=\"article:modified_time\" content=\"2025-05-22T11:35:47+00:00\" \/>\n<meta property=\"og:image\" content=\"https:\/\/cdn.truestory.com\/cs-production\/wp-content\/uploads\/sites\/6\/2025\/05\/22131759\/Skaermbillede-2025-05-22-kl.-13.17.50.png\" \/>\n\t<meta property=\"og:image:width\" content=\"763\" \/>\n\t<meta property=\"og:image:height\" content=\"763\" \/>\n\t<meta property=\"og:image:type\" content=\"image\/png\" \/>\n<meta name=\"twitter:card\" content=\"summary_large_image\" \/>\n<meta name=\"twitter:label1\" content=\"Est. reading time\" \/>\n\t<meta name=\"twitter:data1\" content=\"3 minutes\" \/>\n<script type=\"application\/ld+json\" class=\"yoast-schema-graph\">{\"@context\":\"https:\/\/schema.org\",\"@graph\":[{\"@type\":\"WebPage\",\"@id\":\"https:\/\/partner.truestory.com\/join\/careers\/host-manager-norway\/\",\"url\":\"https:\/\/partner.truestory.com\/join\/careers\/host-manager-norway\/\",\"name\":\"Host &amp; Account Manager Norway - Truestory\",\"isPartOf\":{\"@id\":\"https:\/\/partner.truestory.com\/join\/#website\"},\"primaryImageOfPage\":{\"@id\":\"https:\/\/partner.truestory.com\/join\/careers\/host-manager-norway\/#primaryimage\"},\"image\":{\"@id\":\"https:\/\/partner.truestory.com\/join\/careers\/host-manager-norway\/#primaryimage\"},\"thumbnailUrl\":\"https:\/\/cdn.truestory.com\/cs-production\/wp-content\/uploads\/sites\/6\/2025\/05\/22131759\/Skaermbillede-2025-05-22-kl.-13.17.50.png\",\"datePublished\":\"2025-05-22T11:19:07+00:00\",\"dateModified\":\"2025-05-22T11:35:47+00:00\",\"description\":\"Bli en del av Truestory - den ledende opplevelsesplattformen i Skandinavia.\",\"breadcrumb\":{\"@id\":\"https:\/\/partner.truestory.com\/join\/careers\/host-manager-norway\/#breadcrumb\"},\"inLanguage\":\"en-US\",\"potentialAction\":[{\"@type\":\"ReadAction\",\"target\":[\"https:\/\/partner.truestory.com\/join\/careers\/host-manager-norway\/\"]}]},{\"@type\":\"ImageObject\",\"inLanguage\":\"en-US\",\"@id\":\"https:\/\/partner.truestory.com\/join\/careers\/host-manager-norway\/#primaryimage\",\"url\":\"https:\/\/cdn.truestory.com\/cs-production\/wp-content\/uploads\/sites\/6\/2025\/05\/22131759\/Skaermbillede-2025-05-22-kl.-13.17.50.png\",\"contentUrl\":\"https:\/\/cdn.truestory.com\/cs-production\/wp-content\/uploads\/sites\/6\/2025\/05\/22131759\/Skaermbillede-2025-05-22-kl.-13.17.50.png\",\"width\":763,\"height\":763},{\"@type\":\"BreadcrumbList\",\"@id\":\"https:\/\/partner.truestory.com\/join\/careers\/host-manager-norway\/#breadcrumb\",\"itemListElement\":[{\"@type\":\"ListItem\",\"position\":1,\"name\":\"Hjem\",\"item\":\"https:\/\/partner.truestory.com\/join\/\"},{\"@type\":\"ListItem\",\"position\":2,\"name\":\"Careers\",\"item\":\"https:\/\/partner.truestory.com\/join\/careers\/\"},{\"@type\":\"ListItem\",\"position\":3,\"name\":\"Host &amp; Account Manager Norway\"}]},{\"@type\":\"WebSite\",\"@id\":\"https:\/\/partner.truestory.com\/join\/#website\",\"url\":\"https:\/\/partner.truestory.com\/join\/\",\"name\":\"Truestory Partners\",\"description\":\"\",\"publisher\":{\"@id\":\"https:\/\/partner.truestory.com\/join\/#organization\"},\"potentialAction\":[{\"@type\":\"SearchAction\",\"target\":{\"@type\":\"EntryPoint\",\"urlTemplate\":\"https:\/\/partner.truestory.com\/join\/?s={search_term_string}\"},\"query-input\":{\"@type\":\"PropertyValueSpecification\",\"valueRequired\":true,\"valueName\":\"search_term_string\"}}],\"inLanguage\":\"en-US\"},{\"@type\":\"Organization\",\"@id\":\"https:\/\/partner.truestory.com\/join\/#organization\",\"name\":\"Truestory\",\"url\":\"https:\/\/partner.truestory.com\/join\/\",\"logo\":{\"@type\":\"ImageObject\",\"inLanguage\":\"en-US\",\"@id\":\"https:\/\/partner.truestory.com\/join\/#\/schema\/logo\/image\/\",\"url\":\"\",\"contentUrl\":\"\",\"caption\":\"Truestory\"},\"image\":{\"@id\":\"https:\/\/partner.truestory.com\/join\/#\/schema\/logo\/image\/\"},\"sameAs\":[\"https:\/\/www.facebook.com\/dgdadk\",\"https:\/\/www.instagram.com\/duglemmerdetaldrig\/\",\"https:\/\/www.linkedin.com\/company\/duglemmerdetaldrig-dk\/\",\"https:\/\/www.youtube.com\/user\/duglemmerdetaldrig\"]}]}<\/script>\n<!-- \/ Yoast SEO plugin. -->","yoast_head_json":{"title":"Host &amp; Account Manager Norway - Truestory","description":"Bli en del av Truestory - den ledende opplevelsesplattformen i Skandinavia.","robots":{"index":"index","follow":"follow","max-snippet":"max-snippet:-1","max-image-preview":"max-image-preview:large","max-video-preview":"max-video-preview:-1"},"canonical":"https:\/\/partner.truestory.com\/join\/careers\/host-manager-norway\/","og_locale":"en_US","og_type":"article","og_title":"Host &amp; Account Manager Norway - Truestory","og_description":"Bli en del av Truestory - den ledende opplevelsesplattformen i Skandinavia.","og_url":"https:\/\/partner.truestory.com\/join\/careers\/host-manager-norway\/","og_site_name":"Truestory Partners","article_publisher":"https:\/\/www.facebook.com\/dgdadk","article_modified_time":"2025-05-22T11:35:47+00:00","og_image":[{"width":763,"height":763,"url":"https:\/\/cdn.truestory.com\/cs-production\/wp-content\/uploads\/sites\/6\/2025\/05\/22131759\/Skaermbillede-2025-05-22-kl.-13.17.50.png","type":"image\/png"}],"twitter_card":"summary_large_image","twitter_misc":{"Est. reading time":"3 minutes"},"schema":{"@context":"https:\/\/schema.org","@graph":[{"@type":"WebPage","@id":"https:\/\/partner.truestory.com\/join\/careers\/host-manager-norway\/","url":"https:\/\/partner.truestory.com\/join\/careers\/host-manager-norway\/","name":"Host &amp; Account Manager Norway - Truestory","isPartOf":{"@id":"https:\/\/partner.truestory.com\/join\/#website"},"primaryImageOfPage":{"@id":"https:\/\/partner.truestory.com\/join\/careers\/host-manager-norway\/#primaryimage"},"image":{"@id":"https:\/\/partner.truestory.com\/join\/careers\/host-manager-norway\/#primaryimage"},"thumbnailUrl":"https:\/\/cdn.truestory.com\/cs-production\/wp-content\/uploads\/sites\/6\/2025\/05\/22131759\/Skaermbillede-2025-05-22-kl.-13.17.50.png","datePublished":"2025-05-22T11:19:07+00:00","dateModified":"2025-05-22T11:35:47+00:00","description":"Bli en del av Truestory - den ledende opplevelsesplattformen i Skandinavia.","breadcrumb":{"@id":"https:\/\/partner.truestory.com\/join\/careers\/host-manager-norway\/#breadcrumb"},"inLanguage":"en-US","potentialAction":[{"@type":"ReadAction","target":["https:\/\/partner.truestory.com\/join\/careers\/host-manager-norway\/"]}]},{"@type":"ImageObject","inLanguage":"en-US","@id":"https:\/\/partner.truestory.com\/join\/careers\/host-manager-norway\/#primaryimage","url":"https:\/\/cdn.truestory.com\/cs-production\/wp-content\/uploads\/sites\/6\/2025\/05\/22131759\/Skaermbillede-2025-05-22-kl.-13.17.50.png","contentUrl":"https:\/\/cdn.truestory.com\/cs-production\/wp-content\/uploads\/sites\/6\/2025\/05\/22131759\/Skaermbillede-2025-05-22-kl.-13.17.50.png","width":763,"height":763},{"@type":"BreadcrumbList","@id":"https:\/\/partner.truestory.com\/join\/careers\/host-manager-norway\/#breadcrumb","itemListElement":[{"@type":"ListItem","position":1,"name":"Hjem","item":"https:\/\/partner.truestory.com\/join\/"},{"@type":"ListItem","position":2,"name":"Careers","item":"https:\/\/partner.truestory.com\/join\/careers\/"},{"@type":"ListItem","position":3,"name":"Host &amp; Account Manager Norway"}]},{"@type":"WebSite","@id":"https:\/\/partner.truestory.com\/join\/#website","url":"https:\/\/partner.truestory.com\/join\/","name":"Truestory Partners","description":"","publisher":{"@id":"https:\/\/partner.truestory.com\/join\/#organization"},"potentialAction":[{"@type":"SearchAction","target":{"@type":"EntryPoint","urlTemplate":"https:\/\/partner.truestory.com\/join\/?s={search_term_string}"},"query-input":{"@type":"PropertyValueSpecification","valueRequired":true,"valueName":"search_term_string"}}],"inLanguage":"en-US"},{"@type":"Organization","@id":"https:\/\/partner.truestory.com\/join\/#organization","name":"Truestory","url":"https:\/\/partner.truestory.com\/join\/","logo":{"@type":"ImageObject","inLanguage":"en-US","@id":"https:\/\/partner.truestory.com\/join\/#\/schema\/logo\/image\/","url":"","contentUrl":"","caption":"Truestory"},"image":{"@id":"https:\/\/partner.truestory.com\/join\/#\/schema\/logo\/image\/"},"sameAs":["https:\/\/www.facebook.com\/dgdadk","https:\/\/www.instagram.com\/duglemmerdetaldrig\/","https:\/\/www.linkedin.com\/company\/duglemmerdetaldrig-dk\/","https:\/\/www.youtube.com\/user\/duglemmerdetaldrig"]}]}},"_links":{"self":[{"href":"https:\/\/partner.truestory.com\/join\/wp-json\/wp\/v2\/pages\/3435","targetHints":{"allow":["GET"]}}],"collection":[{"href":"https:\/\/partner.truestory.com\/join\/wp-json\/wp\/v2\/pages"}],"about":[{"href":"https:\/\/partner.truestory.com\/join\/wp-json\/wp\/v2\/types\/page"}],"author":[{"embeddable":true,"href":"https:\/\/partner.truestory.com\/join\/wp-json\/wp\/v2\/users\/7"}],"replies":[{"embeddable":true,"href":"https:\/\/partner.truestory.com\/join\/wp-json\/wp\/v2\/comments?post=3435"}],"version-history":[{"count":69,"href":"https:\/\/partner.truestory.com\/join\/wp-json\/wp\/v2\/pages\/3435\/revisions"}],"predecessor-version":[{"id":4601,"href":"https:\/\/partner.truestory.com\/join\/wp-json\/wp\/v2\/pages\/3435\/revisions\/4601"}],"up":[{"embeddable":true,"href":"https:\/\/partner.truestory.com\/join\/wp-json\/wp\/v2\/pages\/3344"}],"wp:featuredmedia":[{"embeddable":true,"href":"https:\/\/partner.truestory.com\/join\/wp-json\/wp\/v2\/media\/4587"}],"wp:attachment":[{"href":"https:\/\/partner.truestory.com\/join\/wp-json\/wp\/v2\/media?parent=3435"}],"curies":[{"name":"wp","href":"https:\/\/api.w.org\/{rel}","templated":true}]}}